 prime factors of 1295805?
3, 5, 7, 41, 43
List the prime factors of 643871.
433, 1487
What are the prime factors of 9847986?
2, 3, 601, 2731
List the prime factors of 913871.
7, 130553
What are the prime factors of 248771?
47, 67, 79
What are the prime factors of 5445981?
3, 401, 503
What are the prime factors of 2683247?
7, 383321
What are the prime factors of 1422161?
13, 109397
What are the prime factors of 1819304?
2, 71, 3203
What are the prime factors of 459020?
2, 5, 59, 389
List the prime factors of 17853110.
2, 5, 11, 109, 1489
What are the prime factors of 402139?
402139
List the prime factors of 428818.
2, 13, 16493
List the prime factors of 376649.
7, 13, 4139
What are the prime factors of 260475?
3, 5, 23, 151
List the prime factors of 200928.
2, 3, 7, 13, 23
What are the prime factors of 2462553?
3, 273617
List the prime factors of 191173.
191173
List the prime factors of 107693.
107693
What are the prime factors of 355439?
7, 50777
List the prime factors of 14273.
7, 2039
List the prime factors of 138226.
2, 11, 61, 103
What are the prime factors of 25075445?
5, 5015089
List the prime factors of 154239.
3, 51413
What are the prime factors of 13818507?
3, 4606169
What are the prime factors of 17319638?
2, 7, 31, 5701
What are the prime factors of 10492289?
1609, 6521
What are the prime factors of 311317?
419, 743
What are the prime factors of 514709?
13, 17, 137
What are the prime factors of 2209108?
2, 11, 50207
What are the prime factors of 15531391?
15531391
List the prime factors of 4141122.
2, 3, 690187
List the prime factors of 3892157.
491, 7927
What are the prime factors of 533860?
2, 5, 26693
List the prime factors of 13235.
5, 2647
What are the prime factors of 2698812?
2, 3, 24989
What are the prime factors of 1279882?
2, 639941
What are the prime factors of 722229?
3, 240743
List the prime factors of 198482.
2, 99241
List the prime factors of 30669039.
3, 499, 6829
List the prime factors of 335242.
2, 167621
List the prime factors of 113610.
2, 3, 5, 7, 541
What are the prime factors of 4196701?
19, 220879
What are the prime factors of 5718818?
2, 7, 31, 13177
List the prime factors of 183309.
3, 7, 29, 43
What are the prime factors of 1390775?
5, 55631
What are the prime factors of 200059?
37, 5407
List the prime factors of 19976632.
2, 13, 17, 11299
List the prime factors of 2046261.
3, 7, 97441
List the prime factors of 7961875.
5, 12739
List the prime factors of 456698.
2, 11, 20759
List the prime factors of 182969.
182969
List the prime factors of 5311028.
2, 1019, 1303
List the prime factors of 2950718.
2, 127, 11617
List the prime factors of 12376903.
7, 11, 160739
What are the prime factors of 1064642?
2, 17, 173, 181
What are the prime factors of 18397054?
2, 13, 19, 167, 223
What are the prime factors of 11434152?
2, 3, 476423
What are the prime factors of 78274?
2, 7, 5591
List the prime factors of 987645.
3, 5, 65843
What are the prime factors of 3338465?
5, 13, 51361
What are the prime factors of 199437?
3, 7, 9497
List the prime factors of 1141445.
5, 167, 1367
List the prime factors of 200445.
3, 5, 7, 23, 83
What are the prime factors of 3023307?
3, 7, 37, 1297
List the prime factors of 13241425.
5, 529657
List the prime factors of 21440233.
21440233
List the prime factors of 5507080.
2, 5, 37, 61
List the prime factors of 21237721.
1871, 11351
List the prime factors of 241575.
3, 5, 3221
What are the prime factors of 539369?
31, 127, 137
What are the prime factors of 429674?
2, 7, 47, 653
What are the prime factors of 2275303?
2275303
What are the prime factors of 12178223?
61, 181, 1103
What are the prime factors of 5179089?
3, 1726363
What are the prime factors of 721837?
17, 42461
List the prime factors of 690432.
2, 3, 29, 31
What are the prime factors of 367762?
2, 183881
What are the prime factors of 1407127?
137, 10271
List the prime factors of 27025006.
2, 2861, 4723
What are the prime factors of 460592?
2, 11, 2617
List the prime factors of 829621.
13, 4909
List the prime factors of 3183783.
3, 1061261
What are the prime factors of 383802?
2, 3, 47, 1361
List the prime factors of 7743386.
2, 7, 553099
List the prime factors of 362021.
11, 32911
What are the prime factors of 1042225?
5, 47, 887
What are the prime factors of 1993851?
3, 221539
What are the prime factors of 438318?
2, 3, 8117
List the prime factors of 2304481.
59, 139, 281
What are the prime factors of 150298?
2, 75149
List the prime factors of 223444.
2, 13, 4297
What are the prime factors of 716739?
3, 173, 1381
What are the prime factors of 939954?
2, 3, 156659
What are the prime factors of 12679?
31, 409
What are the prime factors of 3454621?
17, 203213
What are the prime factors of 175089?
3, 58363
What are the prime factors of 7722446?
2, 3861223
List the prime factors of 1384967.
19, 72893
List the prime factors of 23751402.
2, 3, 499, 7933
List the prime factors of 507230.
2, 5, 50723
List the prime factors of 981817.
981817
List the prime factors of 6742018.
2, 71, 79, 601
What are the prime factors of 519077?
13, 39929
List the prime factors of 404333.
31, 13043
What are the prime factors of 546287?
7, 78041
List the prime factors of 183911.
7, 13, 43, 47
List the prime factors of 9460421.
191, 49531
List the prime factors of 1608901.
7, 19, 12097
What are the prime factors of 7967481?
3, 2655827
List the prime factors of 2123042.
2, 71, 14951
List the prime factors of 272627.
227, 1201
What are the prime factors of 2298279?
3, 29, 26417
What are the prime factors of 2614162?
2, 1307081
List the prime factors of 1517984.
2, 13, 41, 89
What are the prime factors of 254030?
2, 5, 7, 19, 191
List the prime factors of 5276351.
5276351
List the prime factors of 208276.
2, 52069
What are the prime factors of 7315716?
2, 3, 79, 7717
List the prime factors of 1898812.
2, 31, 15313
List the prime factors of 102329.
102329
List the prime factors of 547074.
2, 3, 11, 307
What are the prime factors of 9661961?
181, 53381
What are the prime factors of 8192888?
2, 11, 157, 593
What are the prime factors of 589747?
17, 113, 307
What are the prime factors of 4078183?
29, 140627
What are the prime factors of 6425732?
2, 1606433
List the prime factors of 571728.
2, 3, 43, 277
What are the prime factors of 10195231?
1049, 9719
List the prime factors of 656171.
656171
What are the prime factors of 1502891?
13, 193, 599
What are the prime factors of 2740188?
2, 3, 11, 20759
What are the prime factors of 3200922?
2, 3, 79, 2251
What are the prime factors of 842395?
5, 331, 509
List the prime factors of 2521495.
5, 504299
List the prime factors of 1646345.
5, 329269
What are the prime factors of 1106076?
2, 3, 92173
List the prime factors of 18798400.
2, 5, 31, 379
What are the prime factors of 643562?
2, 151, 2131
What are the prime factors of 1430472?
2, 3, 19, 3137
What are the prime factors of 736549?
11, 66959
List the prime factors of 183959.
183959
What are the prime factors of 25539971?
19, 101, 13309
List the prime factors of 12305933.
71, 353, 491
List the prime factors of 1562589.
3, 7, 17, 1459
What are the prime factors of 30499219?
23, 1326053
List the prime factors of 2403447.
3, 563, 1423
What are the prime factors of 125926?
2, 79, 797
List the prime factors of 1853232.
2, 3, 38609
What are the prime factors of 26824756?
2, 7, 136861
What are the prime factors of 67206?
2, 3, 23, 487
What are the prime factors of 602081?
602081
List the prime factors of 1414304.
2, 193, 229
What are the prime factors of 2111?
2111
List the prime factors of 1820425.
5, 72817
List the prime factors of 533154.
2, 3, 17, 5227
What are the prime factors of 1038924?
2, 3, 28859
What are the prime factors of 6137277?
3, 2045759
List the prime factors of 308387.
137, 2251
What are the prime factors of 212229?
3, 23581
What are the prime factors of 193974?
2, 3, 11, 2939
List the prime factors of 434047.
37, 11731
List the prime factors of 17361835.
5, 3472367
List the prime factors of 116390.
2, 5, 103, 113
List the prime factors of 439436.
2, 109859
List the prime factors of 1235783.
769, 1607
What are the prime factors of 1653902?
2, 397, 2083
List the prime factors of 4945327.
4945327
What are the prime factors of 8414481?
3, 23, 121949
Wha